 b.
2, 31
Let a(b) = 11*b + 52. Let v be a(17). Let q = 314 - v. List the prime factors of q.
3, 5
Let c(n) = -5*n**2 + 2*n**2 - 3*n + 6*n + 5*n**3 - 2. Suppose -2*h + 7 = -p + 11, 3*p = -3*h + 3. List the prime factors of c(p).
2
Let t be -96*((-24)/9)/(-4). Let m = 59 - t. What are the prime factors of m?
3, 41
Suppose -3*c = r - 2*r - 31, -4*c + 108 = -4*r. Let q be -2 + r/10*-2. Suppose d + 7 = -u + 59, 256 = 5*u + q*d. What are the prime factors of u?
2, 5
Suppose -2*m - m = 21. Suppose -252 = 111*o - 115*o. Let g = o + m. List the prime factors of g.
2, 7
Let g = 170 + -501. Let k = -179 - g. What are the prime factors of k - 3 - (3/(-1) + 2)?
2, 3, 5
Let u(k) be the third derivative of 0 + 0*k**3 + 0*k + 5*k**2 - 1/24*k**4 + 1/3*k**5. List the prime factors of u(-2).
2, 41
Suppose g - 94 = 36. Let k be 2/13 + 7088/(-104). Let y = g + k. What are the prime factors of y?
2, 31
Suppose c - 6204 = -8*p, 2*c = p + 11106 + 1404. List the prime factors of c.
2, 3, 521
Suppose -4*a + 66 = 3*n - 64, -n + 3*a + 65 = 0. Let o = -58 + n. List the prime factors of (0 - -232) + (36/(-9) - o).
2, 59
Suppose 0 = 34*r - 113*r + 60277. List the prime factors of r.
7, 109
Let v be (-20)/(-25) - 155/(-25). Let c(m) = 5*m**3 - 8*m**2 + 2*m - 20. What are the prime factors of c(v)?
3, 439
Suppose 2338219 = 102*x - 1094693. List the prime factors of x.
2, 7, 601
Suppose -y + 13 = l, 61 - 158 = -5*y + 3*l. Suppose 6660 = -5*k + y*k. What are the prime factors of k?
3, 5, 37
Suppose 7*y = -m + 10875, 6*m + y = 9*m - 32559. List the prime factors of m.
2, 3, 67
Let q be 267 - 3 - 6 - -4. Let r = -215 + q. List the prime factors of r.
47
Let j(a) = 35*a**3 - 2*a**2 + 9*a + 8. Suppose 10 = 5*v - z, -10 = 14*v - 9*v - 5*z. List the prime factors of j(v).
2, 13, 37
Let z = 997 + -616. Suppose -2851 = -22*l + 2781. Let f = z - l. What are the prime factors of f?
5
Let f = -279 - -282. Suppose f*v - 2232 = 3*g, -v - 5*g + 643 = -71. What are the prime factors of v?
739
Let u = 17747 + -7307. What are the prime factors of u?
2, 3, 5, 29
Suppose n - 4*p - 20 = 0, -4*n + 34 - 6 = -3*p. Suppose -2*d + 36 = -5*a, 3 + 31 = -n*a - d. Let c(k) = -16*k - 5. List the prime factors of c(a).
3, 41
Let c be 3309 + 56/(-32)*4. Let l = c - 1963. What are the prime factors of l?
13, 103
Suppose 25*t - 3 = 22*t, 0 = z - 3*t - 19471. What are the prime factors of z?
2, 7, 13, 107
Let z = 19 + -13. Suppose 4 - 3 = 2*n - 5*a, -n = 4*a + z. List the prime factors of 4/n*(-3)/2.
3
Let i be (-1475 + 0)*(-1 + (5 - 3)). Let r = i + 2555. What are the prime factors of r?
2, 3, 5
Suppose 516558 = 102*u + 143*u - 1690892. What are the prime factors of u?
2, 5, 17, 53
Let l(q) be the first derivative of -11*q**5/5 - q**4/6 + 11*q**3 - 8. Let b(h) be the third derivative of l(h). List the prime factors of b(-1).
2, 5, 13
Suppose -2*o - 4 = -4. Let j(s) = -s**3 + s**2 + 715. Let t be j(o). Suppose -4*a + t = y + 242, 0 = 5*a + 5*y - 580. What are the prime factors of a?
7, 17
Let f = -46 - 52. Let l = f - -168. Let y = l - 9. List the prime factors of y.
61
What are the prime factors of 34845/(-46)*((-400)/15)/4?
2, 5, 101
Suppose 35916 = -24*t + 212468 + 63232. What are the prime factors of t?
97, 103
Let d = -14080 - -24084. What are the prime factors of d?
2, 41, 61
Let t(k) = -38*k + 193. Let i be t(5). Suppose -17*b + x + 762 = -16*b, -758 = -b - i*x. List the prime factors of b.
761
Let s(q) = -1444*q - 5963. List the prime factors of s(-6).
37, 73
Let x = 4846 - -3820. What are the prime factors of x?
2, 7, 619
Let v(y) be the second derivative of y**4/12 - y**3/2 + 731*y**2/2 - 217*y - 1. What are the prime factors of v(0)?
17, 43
Suppose 31*y = 27*y + 3256. Suppose 5*q - y = 6*f - 2*f, -5*f = q - 157. Suppose g = -2*g + q. List the prime factors of g.
2, 3
Let r = 10787 + -4501. List the prime factors of r.
2, 7, 449
Suppose 61 = 3*t - 3*o + 5*o, 3*t - 57 = -3*o. Let h = 23 - t. Suppose h = -4*s - 5*r + 421, -5*s - r - r + 505 = 0. What are the prime factors of s?
3, 11
Let m = -15786 - -26929. What are the prime factors of m?
11, 1013
Let b = 47 - 61. Let t be (-68)/(-28) - 0 - (-6)/b. Suppose 5*o + p = -2*p + 310, t*o - 2*p = 124. List the prime factors of o.
2, 31
Suppose -5*r - 10 = -5*k, 0 = k - 0*r - 4*r + 4. Let x(s) = 0*s + k*s + 12*s - 18*s + 62. List the prime factors of x(17).
2, 7
Suppose -26*m - 11*m + 380068 + 83283 = 0. What are the prime factors of m?
7, 1789
Suppose -2*q + 4 = -2*c, -2*q + c = 3*q - 10. Suppose l + 80*i - 77*i - 78 = 0, -5*l + 450 = 3*i. What are the prime factors of l - q/((-6)/(-9))?
2, 3, 5
Let y = 2 - -42. Suppose 5912 = y*o - 36*o. List the prime factors of o.
739
Suppose 10054 - 1234 = 18*z. Let c = 4 + z. List the prime factors of c.
2, 13, 19
Let y(d) be the first derivative of d**4/4 - 4*d**3/3 - 5*d**2/2 + 7*d - 3. Suppose -15 = 2*c + 5*i, 2*c - 2*i = 2*i + 30. List the prime factors of y(c).
7
Let g be (-64)/8 + 928 - -4. Suppose g = 5*v - 1496. What are the prime factors of v?
2, 11
Let h(p) = -p**3 + p**2 + 21*p - 9. Let l be h(6). Suppose 0 = -0*s - 2*s - 54. What are the prime factors of s/l - (-3480)/14?
3, 83
Suppose -7*y - 34*y + 1209692 = 3*y. List the prime factors of y.
19, 1447
Suppose 4*v - 3*f + 43 = 0, -33 = 3*v - 2*f - f. List the prime factors of 0 - 115/v*2.
23
Suppose 38034 = -20*s + 23*s + 3*v, -5*s - v + 63386 = 0. List the prime factors of s.
7, 1811
Let z(i) = 39*i**2 - 8*i - 1. Let d be z(4). Suppose -d = -7*k - 178. Let g = -51 + k. What are the prime factors of g?
2
Let d(m) be the third derivative of -47*m**4/6 - 7*m**3/6 + 12*m**2. Let g be d(-2). Suppose 3*t = 126 + g. List the prime factors of t.
3, 5, 11
List the prime factors of ((-6)/(-7))/(-3) - (-88802)/49.
2, 3, 151
Suppose f - 148 + 740 = -4*l, -6*l + 2*f - 874 = 0. Let t be 0/(2*-1) + -329. Let z = l - t. List the prime factors of z.
2, 7, 13
Let p = 162 - -7948. List the prime factors of p.
2, 5, 811
Let n = 2465 - 1637. Let z = n + -486. List the prime factors of z.
2, 3, 19
Suppose 0*w = -3*w + 4*k + 35, 0 = 2*w - 3*k - 24. Suppose 0 = w*x - 6*x - 1089. What are the prime factors of x?
3, 11
Let i be 4 + (-20)/2 + 8. Let z = 1 + 3. Suppose 5*a - 500 = -i*u, -2*u = z*a - 511 + 113. What are the prime factors of a?
2, 3, 17
Let d(k) = -5*k**2 + 6*k + 12. Let v(g) = -6*g**2 + 7*g + 13. Let n(o) = -5*d(o) + 4*v(o). Let y be n(4). Suppose y = r - 232 + 13. List the prime factors of r.
3, 73
Suppose -45 = -3*j + 75. List the prime factors of -691*(-5)/j - (-6)/(-16).
2, 43
Let j(t) = -2*t**2 - 7*t - 14. Let n be j(-5). Let v = -26 - n. What are the prime factors of (v/2)/(12/232)?
29
Let s(i) = i**2 - 5*i - 12. Let q be s(7). Let j be 0 - (1 + (-8)/q). Suppose -2*t - 6 = 0, 2*t = -j*c - 2*t + 381. What are the prime factors of c?
131
Let j(w) = 72 + 30*w + w**2 - 39*w - 22. List the prime factors of j(13).
2, 3, 17
Let b(f) = -9*f + 30 - 10*f - f**2 + 8 + 6 - 25. List the prime factors of b(-14).
89
What are the prime factors of 16556*(((-6)/(-20))/(5/(-25)) - -4)?
2, 5, 4139
What are the prime factors of (-1613709)/354*(-1 - 1)?
3, 1013
Let z(q) = -q**3 + 11*q**2 - 9*q + 17. Let b(c) = c**2 + c + 11. Let h be b(0). Let k be z(h). Let w = k - -119. List the prime factors of w.
37
Suppose -7*x + 8172 = 15419 - 75098. What are the prime factors of x?
3, 359
Let n(k) = -6*k - 27. Let r be n(-10). Let l(c) = 11*c - 44. Let w be l(9). Let h = w - r. What are the prime factors of h?
2, 11
Let m(k) = k**3 + 5*k**2 - 4*k + 14. Let a be m(-6). Let c(p) = 55*p + 6. Let b be c(a). Let y = b - 1. List the prime factors of y.
5, 23
Let h be (8 - (-11)/(-2))*54. Let o = h - -563. What are the prime factors of o?
2, 349
Let a(p) = 836*p + 44. List the prime factors of a(6).
2, 5, 11, 23
Let p(v) = 8 + 0 + 9*v - 4 + 19*v**2. Let d be p(5). Suppose 22*w - 26*w = -d. List the prime factors of w.
131
Let m = 68 + -69. Let o be 2*(-2)/(m/(-5) - 1). Suppose -178 + 0 = -g - 4*l, -20 = o*l. What are the prime factors of g?
2, 97
Let g(h) = -619*h**3 - 8*h**2 - 28*h - 86. What are the prime factors of g(-4)?
2, 23, 859
Suppose 3*g = 7*g + c - 29, 4*c = 5*g - 10. What are the prime factors of (-286)/g*12/(-6 - -4)?
2, 11, 13
Let n be (-5)/((-5)/378) + (3 - 2). Suppose 4*u - 3*m - n